 highest common divisor of 64 and 4184?
8
What is the highest common divisor of 275 and 860800?
25
Calculate the greatest common divisor of 4769 and 11324.
19
What is the highest common divisor of 10476 and 2484?
108
What is the highest common factor of 132 and 13572?
12
Calculate the highest common factor of 576 and 314304.
192
What is the highest common divisor of 175554 and 36?
18
What is the greatest common divisor of 1585 and 28213?
317
Calculate the greatest common divisor of 55584 and 352.
32
What is the highest common factor of 1728 and 4056960?
192
What is the highest common divisor of 5643 and 78375?
627
Calculate the greatest common divisor of 13631 and 11911.
43
Calculate the greatest common factor of 1672 and 10659.
209
Calculate the highest common factor of 15 and 736605.
15
What is the greatest common divisor of 2892626 and 968?
242
What is the highest common divisor of 9360 and 144885?
195
Calculate the highest common factor of 13525 and 97921.
541
Calculate the highest common divisor of 33374 and 22.
22
Calculate the greatest common divisor of 10706 and 2597.
53
Calculate the greatest common divisor of 64978 and 3392.
106
Calculate the highest common factor of 12 and 15523044.
12
What is the highest common divisor of 58 and 81055?
29
Calculate the highest common factor of 1927 and 12874.
41
Calculate the highest common factor of 28448 and 336.
112
Calculate the highest common factor of 122430 and 4950.
330
What is the greatest common divisor of 594 and 457182?
198
Calculate the highest common divisor of 46013 and 21197.
517
Calculate the greatest common factor of 230 and 60996.
46
Calculate the greatest common divisor of 454 and 2899925.
227
Calculate the highest common divisor of 2088 and 684.
36
Calculate the highest common factor of 11736 and 5256.
72
What is the greatest common divisor of 14 and 2014?
2
What is the greatest common factor of 774 and 1494?
18
Calculate the greatest common divisor of 377 and 191971.
13
Calculate the highest common divisor of 34 and 43826.
34
What is the greatest common factor of 17 and 244987?
17
Calculate the highest common factor of 1216 and 20710.
38
What is the greatest common divisor of 756765 and 6275?
1255
Calculate the greatest common factor of 458146 and 7364.
526
What is the highest common factor of 72 and 338080?
8
Calculate the greatest common factor of 2088 and 39744.
72
What is the highest common divisor of 868353 and 74?
37
Calculate the highest common divisor of 55824 and 84.
12
Calculate the greatest common factor of 11 and 133727.
11
What is the highest common divisor of 225 and 132575?
25
Calculate the highest common factor of 175 and 207403.
7
What is the greatest common divisor of 322 and 183862?
322
What is the greatest common divisor of 1968 and 396?
12
What is the greatest common factor of 1 and 2933?
1
Calculate the highest common factor of 11408 and 96.
16
What is the greatest common divisor of 309589 and 94?
47
What is the greatest common factor of 294 and 533610?
294
What is the greatest common divisor of 813335 and 1880?
235
What is the highest common divisor of 3080 and 6230?
70
What is the greatest common divisor of 16082 and 384506?
1462
What is the highest common divisor of 221 and 64532?
221
What is the highest common divisor of 2773 and 1363?
47
What is the highest common divisor of 408005 and 39?
13
What is the highest common divisor of 176 and 180136?
88
What is the greatest common factor of 729 and 4329531?
729
What is the greatest common divisor of 903 and 1596?
21
What is the highest common factor of 1386 and 80586?
198
What is the greatest common factor of 240 and 1467240?
120
What is the greatest common divisor of 21 and 286293?
21
What is the highest common divisor of 48020 and 476?
28
Calculate the highest common divisor of 3250 and 6734.
26
Calculate the highest common divisor of 8998 and 88.
22
What is the greatest common factor of 3 and 85757?
1
What is the greatest common divisor of 23 and 5986647?
23
What is the greatest common divisor of 11840 and 17168?
592
What is the highest common divisor of 25432 and 267784?
1496
Calculate the greatest common divisor of 79625 and 4277.
91
What is the greatest common divisor of 16797 and 5907?
33
What is the highest common factor of 2911 and 67876?
71
What is the greatest common factor of 70144 and 1536?
512
Calculate the greatest common factor of 242 and 73920.
22
What is the greatest common factor of 455 and 291095?
35
What is the greatest common factor of 234966 and 54?
6
What is the highest common factor of 1682 and 38222?
58
What is the highest common divisor of 112653 and 81?
9
What is the greatest common factor of 806 and 101494?
62
Calculate the highest common divisor of 16 and 43360.
16
Calculate the greatest common factor of 291324 and 1056.
132
Calculate the greatest common factor of 455 and 152460.
35
Calculate the highest common factor of 645 and 230.
5
Calculate the greatest common divisor of 392 and 737576.
56
Calculate the greatest common divisor of 1374 and 438.
6
Calculate the highest common divisor of 3144 and 223486.
262
What is the highest common factor of 855 and 1089?
9
Calculate the greatest common factor of 70 and 39830.
70
What is the greatest common factor of 812 and 17632?
116
Calculate the greatest common factor of 255 and 1715.
5
Calculate the greatest common divisor of 40073 and 44.
11
Calculate the greatest common factor of 2882 and 19151.
11
Calculate the highest common divisor of 343 and 45913.
49
Calculate the greatest common divisor of 490 and 4550.
70
Calculate the greatest common divisor of 285 and 41097.
57
What is the greatest common factor of 12 and 45348?
12
What is the greatest common divisor of 43524 and 756?
108
What is the highest common divisor of 14 and 1630?
2
Calculate the highest common factor of 832704 and 24.
24
Calculate the highest common divisor of 19 and 12189.
1
Calculate the highest common divisor of 656 and 463024.
16
What is the highest common factor of 11 and 240581?
11
What is the highest common factor of 201966 and 738?
246
What is the greatest common factor of 48980 and 4960?
620
What is the greatest common factor of 2479767 and 1227?
1227
What is the highest common divisor of 2720 and 262240?
160
Calculate the greatest common factor of 721684 and 272.
68
What is the greatest common divisor of 559 and 5057?
13
Calculate the highest common divisor of 14535 and 480.
15
Calculate the highest common factor of 15563 and 19109.
197
What is the greatest common divisor of 6765 and 5577?
33
What is the highest common divisor of 99632 and 832?
208
Calculate the greatest common factor of 165 and 54582.
33
Calculate the greatest common divisor of 665242 and 4098.
1366
What is the highest common factor of 40 and 12528?
8
Calculate the highest common factor of 1962 and 70959.
327
What is the greatest common divisor of 165 and 491865?
165
What is the highest common factor of 39121 and 10469?
551
Calculate the highest common divisor of 9131 and 6749.
397
Calculate the greatest common factor of 19584 and 3536.
272
What is the greatest common divisor of 135286 and 17?
17
Calculate the greatest common factor of 50 and 2092490.
10
What is the highest common factor of 3425 and 230845?
685
What is the highest common divisor of 5272 and 512?
8
What is the highest common factor of 833 and 9401?
119
What is the highest common divisor of 426 and 2162802?
426
What is the highest common factor of 29 and 297482?
29
Calculate the greatest common factor of 312 and 663000.
312
What is the highest common divisor of 32700 and 125?
25
What is the greatest common divisor of 120804 and 24?
12
What is the highest common factor of 8273445 and 138?
69
What is the highest common divisor of 42978 and 702?
78
Calculate the highest common divisor of 37792 and 32.
32
What is the highest common factor of 3800 and 854050?
950
Calculate the greatest common divisor of 19 and 4461523.
19
Calculate the greatest common factor of 817 and 24947.
19
Calculate the highest common factor of 284 and 452.
4
What is the highest common divisor of 264 and 29249?
11
What is the highest common factor of 9163 and 35574?
539
Calculate the highest common divisor of 66264 and 165.
33
Calculate the greates